{"id":141,"date":"2018-02-08T10:02:16","date_gmt":"2018-02-08T10:02:16","guid":{"rendered":"http:\/\/ssmradom.pl\/?page_id=141"},"modified":"2018-02-08T10:02:16","modified_gmt":"2018-02-08T10:02:16","slug":"polecane-schroniska","status":"publish","type":"page","link":"https:\/\/ssmradom.pl\/index.php\/polecane-schroniska\/","title":{"rendered":"Polecane schroniska"},"content":{"rendered":"<p>\t\t\t\tNASI PRZYJACIELE Z CA\u0141EJ POLSKI<br \/>\nPolecane schroniska:<br \/>\nBia\u0142ystok <a href=\"http:\/\/www.hostelpodlasie.pl\/\">Bia\u0142ystok<\/a><br \/>\n<a href=\"http:\/\/www.ssm.bielsko.pl\/\">Bielsko-Bia\u0142a<\/a>:<br \/>\n<a href=\"http:\/\/ssm.bydgoszcz.pl\/\">Bydgoszcz<\/a><br \/>\n<a href=\"http:\/\/www.ssm-checiny.pl\/\">Ch\u0119ciny, Bodzentyn, \u0141ag\u00f3w, M\u0105chocice-Scholasteria, Nowa S\u0142upia<\/a><br \/>\n<a href=\"http:\/\/ssm.gda.pl\/\">Gda\u0144sk<\/a><br \/>\n<a href=\"http:\/\/ssm-gdynia.pl\/\">Gdynia<\/a><br \/>\n<a href=\"http:\/\/www.schroniskojawor.pl\/\">Jawor<\/a><br \/>\n<a href=\"http:\/\/www.ssmkobylnica.pl\/\">Kobylnica<\/a><br \/>\n<a href=\"http:\/\/www.ssm.konin.pl\/\">Konin<\/a><br \/>\n<a href=\"http:\/\/www.ssmkorbielow.pl\/\">Korbiel\u00f3w<\/a><br \/>\n<a href=\"http:\/\/ssm.com.pl\/\">Krak\u00f3w, Zakopane<\/a><br \/>\n<a href=\"http:\/\/www.schronisko.lubachow.pl\/\">Lubach\u00f3w<\/a><br \/>\n<a href=\"http:\/\/www.yhlodz.pl\/pl\/\">\u0141\u00f3d\u017a<\/a><br \/>\n<a href=\"http:\/\/ssmolsztyn.pl\/\">Olsztyn<\/a><br \/>\n<a href=\"http:\/\/www.schronisko.osieczna.pl\/\">Osieczna<\/a><br \/>\n<a href=\"http:\/\/schroniskoprudnik.pl\/40\/strona-glowna.html\">Prudnik, Wieszczyna<\/a><br \/>\n<a href=\"http:\/\/www.schroniska-ptsm.pl\/\">Rajcza Nikulina, Rycerka Kolonia, S\u00f3l-O\u017ana, Sobl\u00f3wka-Cicha <\/a><br \/>\n<a href=\"http:\/\/www.ptsm.home.pl\/web\/index.php\/pl\/\">Szczecin<\/a><br \/>\n<a href=\"http:\/\/ptsm.szczecin.pl\/ssm-w-swinoujsciu\/\">\u015awinouj\u015bcie<\/a><br \/>\n<a href=\"http:\/\/www.edsm.pl\/pl\/\">Warszawa<\/a><br \/>\n<a href=\"http:\/\/www.hostelsmolna30.pl\/index.html\">Warszawa<\/a><br \/>\n<a href=\"http:\/\/www.podnzlotoryja.pl\/index.php\/szkolne-schronisko-mlodziezowe\">Z\u0142otoryja<\/a><br \/>\n<a href=\"http:\/\/sm.zsme.zywiec.pl\/\">\u017bywiec<\/a>\t\t<\/p>\n","protected":false},"excerpt":{"rendered":"<p>NASI PRZYJACIELE Z CA\u0141EJ POLSKI Polecane schroniska: Bia\u0142ystok Bia\u0142ystok Bielsko-Bia\u0142a: [&hellip;]<\/p>\n","protected":false},"author":1,"featured_media":0,"parent":0,"menu_order":0,"comment_status":"closed","ping_status":"closed","template":"","meta":[],"_links":{"self":[{"href":"https:\/\/ssmradom.pl\/index.php\/wp-json\/wp\/v2\/pages\/141"}],"collection":[{"href":"https:\/\/ssmradom.pl\/index.php\/wp-json\/wp\/v2\/pages"}],"about":[{"href":"https:\/\/ssmradom.pl\/index.php\/wp-json\/wp\/v2\/types\/page"}],"author":[{"embeddable":true,"href":"https:\/\/ssmradom.pl\/index.php\/wp-json\/wp\/v2\/users\/1"}],"replies":[{"embeddable":true,"href":"https:\/\/ssmradom.pl\/index.php\/wp-json\/wp\/v2\/comments?post=141"}],"version-history":[{"count":0,"href":"https:\/\/ssmradom.pl\/index.php\/wp-json\/wp\/v2\/pages\/141\/revisions"}],"wp:attachment":[{"href":"https:\/\/ssmradom.pl\/index.php\/wp-json\/wp\/v2\/media?parent=141"}],"curies":[{"name":"wp","href":"https:\/\/api.w.org\/{rel}","templated":true}]}}